 Let g be k(-16). Let d be v(g). Suppose d*a = 36*a + 1316. Is a a composite number?
True
Suppose -2*k = -3*k - 4. Let j = 872 + -874. Is j/k*((410 - 2) + -2) a prime number?
False
Suppose -83341 = -5*i + 4*i + g, 0 = 5*i + 2*g - 416691. Is i prime?
True
Suppose 0*o + 858621 = 5*q - 3*o, -515175 = -3*q + 3*o. Is q composite?
True
Let u(v) = 2*v**2 + 7*v + 4. Let w be u(-4). Suppose w*d = 12*d + 2928. Let m = -319 - d. Is m a prime number?
False
Suppose 0 = -3*t - 4*f - 76, t + 5*f - 4 = -44. Let k be (30/t)/((-2)/4). Suppose 6*i - 838 = -2*a + 2*i, 2*a - k*i = 831. Is a a prime number?
False
Let g = 12 + -33. Let z be (3/2)/((g/(-3))/14). Is 2154 + (5/z - 24/36) composite?
True
Let d(u) = -7*u**3 - 4*u**2 - 14*u + 17. Is d(-8) prime?
True
Let g be 650/(-12) + 1/6. Let r = 61 + g. Suppose 0 = -2*t - 3*a + 247, -3*t + r*a + 348 = 4*a. Is t prime?
False
Suppose 2*a = -3*j + 2*j + 30, 4*j = 2*a - 30. Suppose 14*q = a*q + 45. Is -4*4/(-16) - q prime?
False
Let c(r) = 288*r**2 + 7*r - 9. Let z(o) = 576*o**2 + 14*o - 18. Let k(l) = 7*c(l) - 3*z(l). Is k(-4) prime?
False
Let c = 237887 - 78540. Is c composite?
False
Suppose 16*o - 15*o = 30. Suppose 9*n - 4*n + 5*u = o, 2*n - 13 = -u. Suppose -n*p + 4*p = -3*x + 783, -p - 787 = -3*x. Is x a composite number?
False
Let a(b) = -17*b**3 - 35*b**2 - 32*b + 31. Is a(-29) a prime number?
False
Suppose -23*q + 19*q = -3036. Let s = q + -541. Is (-2 + (-11)/(-2))*s composite?
True
Suppose -2*n + 1054 = -4*n. Let p = 2234 + -1208. Let a = p + n. Is a a composite number?
False
Suppose 2000597 = 5*h + 4*m, -63*h = -64*h - 4*m + 400113. Is h prime?
False
Suppose -171*j - 104064 = -183*j. Let c = -3873 + j. Is c prime?
True
Let w(x) = -25*x - 172. Let c be w(-7). Is 9111 - (c - (-2 - -3)) composite?
False
Let l(w) = 12*w - 4*w + 14 + 1928*w**2 + 5067*w**2. Let m be l(-2). Suppose -7*s + m = 7447. Is s composite?
True
Let j = -33 - -36. Suppose -5*c + 498 = 2*m, -j*m - 2*m + 1283 = 3*c. Suppose 7*v = -r + 2*v + m, 0 = 5*r + 5*v - 1295. Is r a composite number?
True
Let k(z) = 1 - z + 0 - 5. Let w be k(-7). Suppose 2*n = -w*n + 2335. Is n a prime number?
True
Let d(p) = -p**3 + 11*p**2 - 12*p - 22. Let y be d(7). Is 209934/y + (-2)/(-5) composite?
False
Let g(j) = 145*j**3 - 2*j**2 + 10*j - 9. Let n be g(4). Suppose 31*k - 11584 = n. Is k a composite number?
False
Is (12007/(2 + 7 + -10))/(-1) composite?
False
Suppose -211*f + 333717 = -207*f - 3*c, -417150 = -5*f + 5*c. Is f a prime number?
False
Let b(c) = -4*c**3 - 14*c**2 - 32*c - 23. Let a = 310 - 320. Is b(a) prime?
True
Let z = 7076 - 3291. Is z a composite number?
True
Suppose 0 = 4*x - 14*b + 10*b - 1051420, -x - b + 262851 = 0. Is x a composite number?
False
Let x = 130 + -61. Let g be 346 + (-2)/7 + x/21. Suppose 3*o = -2*k + 4*k - g, -4*o + 191 = k. Is k prime?
True
Let g = 784 + -786. Is (-14161 + g)*((-52)/12 - -4) prime?
True
Let g = -6388 + 12501. Is g a composite number?
False
Let s = 32429 - 17916. Is s composite?
True
Let m = -1157797 + 1704858. Is m a prime number?
True
Suppose 0 = -3*y + 4*q + 528849, -y = 2*y - 2*q - 528843. Is y a prime number?
False
Let i be (0 - 26)/((-4)/114 - 0). Suppose 18*m - 15*m + i = 0. Let p = m + 678. Is p composite?
False
Let k be ((-33)/55)/((-1)/3785). Suppose -4521 = -4*x + k. Suppose -5*n + j = 3*j - 4187, 5*j = 2*n - x. Is n a composite number?
False
Let o = 958 + -398. Suppose -8*h = -4472 + o. Is h a composite number?
True
Let n = -992521 - -1406344. Is n prime?
False
Suppose 3*d - d - 180 = 3*g, 2*g + 376 = 4*d. Let k = 170 - d. Let t = k - 23. Is t composite?
True
Let i(a) = 241*a + 35. Let y(s) = -s**3 - 24*s**2 - s - 10. Let r be y(-24). Let v = -8 + r. Is i(v) a prime number?
True
Let o(v) = 31*v - 10. Let n be o(-3). Let h = n + 136. Is h a composite number?
True
Let i = -50 - -53. Suppose 2*j + i = -j. Let a(u) = -872*u - 3. Is a(j) a prime number?
False
Is 6979030/31 - (-2)/3*3 - -7 prime?
False
Let r(n) be the second derivative of n**4/6 + 5*n**3/6 - 2*n**2 - 2921*n. Let b(z) = z**3 + 4*z**2 + 3*z - 1. Let c be b(-4). Is r(c) composite?
False
Suppose b = -66*s + 69*s + 157742, -5*b - 3*s = -788764. Is b prime?
False
Let u(k) = 140*k + 17 - 383*k - 450*k - 268*k. Is u(-10) a composite number?
True
Let f be 4*(8 + -5 - 1*2). Suppose -4*i = 16, 5*q - f*q = 5*i + 11. Is 9/(-6)*(-12)/q - -4 composite?
False
Let o be 1730/(-10) + -1 + -1. Suppose 2*l + 3*l - 1350 = 0. Let m = l - o. Is m composite?
True
Suppose 0 = 8*k - 5547 - 1477. Let q = 36607 - k. Is q composite?
False
Let c(h) = -h + 34. Let t(d) = d - 1. Let n(v) = -c(v) - 4*t(v). Let a be n(-10). Suppose -4*k + 392 - 36 = a. Is k a composite number?
False
Let n be (10 - 8)/(2/23). Suppose 0 = -n*c + 11*c + 133908. Is c prime?
True
Let g(c) = c**3 + 3*c**2 - 3*c + 6. Let l be g(-4). Let v be l/(-11) + 0 - (-92583)/99. Let a = -516 + v. Is a prime?
True
Let z(k) = -406297*k + 21. Is z(-2) composite?
True
Let s be 2 - 0 - (6 + 3). Let a(b) be the third derivative of 19*b**5/60 + 5*b**4/24 - 7*b**3/6 + 8*b**2. Is a(s) a composite number?
True
Let l = 814 + -3496. Let a = 887 - l. Is a a prime number?
False
Suppose 3*o + 57*p - 4016876 = 52*p, -3*o - 3*p = -4016886. Is o a composite number?
True
Let w(u) = -4*u + 10. Let v be w(9). Suppose 0 = -46*n - 7*n + 5989. Let t = n - v. Is t a prime number?
True
Suppose 0 = 5*m + 17 + 43. Let o(j) = 16*j**3 - 17*j**3 - 7*j**2 + 19*j + 3*j**2 + 29. Is o(m) a composite number?
False
Suppose 0 = p - 5*o - 79597, 5*p + 3*o - 58542 = 339555. Is p a composite number?
True
Is (-20)/(-170) + (-11108514)/(-578) a composite number?
False
Let u(l) = 1349*l + 940. Is u(9) composite?
True
Let g = 12406 - -205. Is g a prime number?
True
Suppose -9*s + 99 = -6*s + 3*x, -2*x + 94 = 3*s. Is 48/112 + 2*43982/s prime?
False
Let s = 3457 - -51834. Is s a composite number?
False
Suppose 5*h = y + 454, -4*h + 2270 = -6*y + y. Is (-583)/44*1*y*2 prime?
False
Let g be (30/12)/(4/(-8)) + -17544. Let c = -5226 - g. Is c prime?
True
Let c(b) = 6*b**3 + 175*b**2 + 7*b + 29. Is c(21) prime?
False
Let v = 13 + -14. Let r be (-51)/12 - ((-15)/12 - v). Is 62 - ((-1)/(-3))/(r/(-36)) a composite number?
False
Let d(m) = m**3 + 2*m**2 - 6. Let i be d(-3). Let c = -15 - i. Suppose 12*y - 9*y - 5442 = c. Is y composite?
True
Let p = -135862 + 392897. Is p prime?
False
Is 152366 + (12/(-14))/((-4)/(-14)) composite?
False
Suppose -2*s = 2*s + 4*w - 822912, -3*s - 4*w = -617191. Is s a prime number?
True
Is 40658*(4/8 + 0) prime?
False
Suppose 9 = -6*h + 9*h. Suppose u - h*u = -4*u. Suppose 288 = 2*n - 2*a, -2*a - 149 = -n - u*n. Is n composite?
False
Let w = 4836 - -36497. Is w a prime number?
True
Let u(j) = -13*j + 29. Suppose -24*d - 156 = -20*d. Let a = d - -25. Is u(a) prime?
True
Let m(k) = 123*k**2 - 8*k + 8. Let s(b) = -125*b**2 + 6*b - 8. Let i(q) = -5*m(q) - 6*s(q). Let u be (-12)/10*10/4. Is i(u) a prime number?
False
Let j = 1492 - 971. Let g(u) = -j*u - 10 + 25 - 10 - 729*u. Is g(-1) a prime number?
False
Let g be 186/45 + ((-6)/45)/1. Suppose -g*u - 81 = -7*u. Is (-3268)/(-36) - (-6)/u a prime number?
False
Suppose -4*t + 3*q + 118547 = -46515, 0 = -2*t + 5*q + 82524. Is t prime?
False
Suppose 47460506 = 48*w + 8137514. Is w a prime number?
True
Suppose 17 = 4*x + 5. Let b be 44*x/(3 + -9). Is (b/6)/((-7)/777) a composite number?
True
Suppose 2*x = -5*h - 0*x + 58, 2*x = -2. Suppose 9 = -0*g + 4*g - 3*y, -h = -g + 4*y. Suppose g = 35*w - 31*w - 764. Is w a composite number?
False
Let w(h) be the third derivative of -h**4/24 + 5*h**3/3 - 2*h**2. Let u be w(8). Suppose u*c - 1377 = -475. Is c a composite number?
True
Let l(b) = 5*b + 20. Let x be l(-9). Let w = x + 27. Is (-12411)/(-14) + 5/w composite?
True
Let l(f) = 194*f**3 - 163*f**2 - 30*f + 203. Is l(12) composite?
False
Suppose -n - 2104465 = -4*g, 2*g - 1371545 = n - 319314. Is g a prime number?
True
Let u = -88025 + 270604. Is u a composite number?
False
Suppose -2 = -f, 6*w - 4*w = -2*f + 18. Suppose 6*o + 2 = w*o. Suppose -o*s = 4*t - 1678, 3*t - 66 - 1608 = -2*s. Is s a prime number?
False
Let g be 80/48*1*3. Suppose 9*p + g = 10*p. Let a(c) = 3*c**3 + 2*c**2 - 7*c + 5. Is a(p) prime?
False
Let r(j) = -4*j**2 - 13*j - 11. Let l be r(-2). Is 1140540/54 + l*4/36 a composi